{"id":107,"date":"2025-05-22T18:09:33","date_gmt":"2025-05-22T21:09:33","guid":{"rendered":"http:\/\/contier.com.br\/?page_id=107"},"modified":"2025-05-24T16:12:20","modified_gmt":"2025-05-24T19:12:20","slug":"industrias","status":"publish","type":"page","link":"https:\/\/contier.com.br\/?page_id=107","title":{"rendered":"Ind\u00fastrias"},"content":{"rendered":"\t\t<div data-elementor-type=\"wp-page\" data-elementor-id=\"107\" class=\"elementor elementor-107\">\n\t\t\t\t<div class=\"elementor-element elementor-element-73b3e60 e-con-full e-flex e-con e-parent\" data-id=\"73b3e60\" data-element_type=\"container\" data-settings=\"{&quot;background_background&quot;:&quot;classic&quot;}\">\n\t\t\t\t<div class=\"elementor-element elementor-element-357c082 elementor-position-top elementor-widget elementor-widget-image-box\" data-id=\"357c082\" data-element_type=\"widget\" data-widget_type=\"image-box.default\">\n\t\t\t\t<div class=\"elementor-widget-container\">\n\t\t\t\t\t<div class=\"elementor-image-box-wrapper\"><figure class=\"elementor-image-box-img\"><img fetchpriority=\"high\" decoding=\"async\" width=\"600\" height=\"629\" src=\"https:\/\/contier.com.br\/wp-content\/uploads\/2025\/05\/Fensa-mtg.png\" class=\"attachment-full size-full wp-image-283\" alt=\"\" srcset=\"https:\/\/contier.com.br\/wp-content\/uploads\/2025\/05\/Fensa-mtg.png 600w, https:\/\/contier.com.br\/wp-content\/uploads\/2025\/05\/Fensa-mtg-286x300.png 286w\" sizes=\"(max-width: 600px) 100vw, 600px\" \/><\/figure><div class=\"elementor-image-box-content\"><h3 class=\"elementor-image-box-title\">Fensa Coca Cola<\/h3><p class=\"elementor-image-box-description\">Projeto da Fabrica Coca Cola em Itabirito MG<\/p><\/div><\/div>\t\t\t\t<\/div>\n\t\t\t\t<\/div>\n\t\t\t\t<div class=\"elementor-element elementor-element-b4dc5f1 elementor-position-top elementor-widget elementor-widget-image-box\" data-id=\"b4dc5f1\" data-element_type=\"widget\" data-widget_type=\"image-box.default\">\n\t\t\t\t<div class=\"elementor-widget-container\">\n\t\t\t\t\t<div class=\"elementor-image-box-wrapper\"><figure class=\"elementor-image-box-img\"><img decoding=\"async\" width=\"600\" height=\"636\" src=\"https:\/\/contier.com.br\/wp-content\/uploads\/2025\/05\/GM-mtg.png\" class=\"attachment-full size-full wp-image-284\" alt=\"\" srcset=\"https:\/\/contier.com.br\/wp-content\/uploads\/2025\/05\/GM-mtg.png 600w, https:\/\/contier.com.br\/wp-content\/uploads\/2025\/05\/GM-mtg-283x300.png 283w\" sizes=\"(max-width: 600px) 100vw, 600px\" \/><\/figure><div class=\"elementor-image-box-content\"><h3 class=\"elementor-image-box-title\">General Motors<\/h3><p class=\"elementor-image-box-description\">F\u00e1brica de motores da GM em Joinville SC<\/p><\/div><\/div>\t\t\t\t<\/div>\n\t\t\t\t<\/div>\n\t\t\t\t<div class=\"elementor-element elementor-element-904af25 elementor-position-top elementor-widget elementor-widget-image-box\" data-id=\"904af25\" data-element_type=\"widget\" data-widget_type=\"image-box.default\">\n\t\t\t\t<div class=\"elementor-widget-container\">\n\t\t\t\t\t<div class=\"elementor-image-box-wrapper\"><figure class=\"elementor-image-box-img\"><img decoding=\"async\" width=\"600\" height=\"626\" src=\"https:\/\/contier.com.br\/wp-content\/uploads\/2025\/05\/pg-mtg.png\" class=\"attachment-full size-full wp-image-285\" alt=\"\" srcset=\"https:\/\/contier.com.br\/wp-content\/uploads\/2025\/05\/pg-mtg.png 600w, https:\/\/contier.com.br\/wp-content\/uploads\/2025\/05\/pg-mtg-288x300.png 288w\" sizes=\"(max-width: 600px) 100vw, 600px\" \/><\/figure><div class=\"elementor-image-box-content\"><h3 class=\"elementor-image-box-title\">Procter & Gamble<\/h3><p class=\"elementor-image-box-description\">F\u00e1brica da P&G em Serop\u00e9dica RJ<\/p><\/div><\/div>\t\t\t\t<\/div>\n\t\t\t\t<\/div>\n\t\t\t\t<\/div>\n\t\t\t\t<\/div>\n\t\t","protected":false},"excerpt":{"rendered":"<p>Fensa Coca Cola Projeto da Fabrica Coca Cola em Itabirito MG General Motors F\u00e1brica de motores da GM em Joinville SC Procter &#038; Gamble F\u00e1brica da P&#038;G em Serop\u00e9dica RJ<\/p>\n","protected":false},"author":1,"featured_media":0,"parent":0,"menu_order":0,"comment_status":"closed","ping_status":"closed","template":"","meta":{"footnotes":""},"class_list":["post-107","page","type-page","status-publish","hentry"],"_links":{"self":[{"href":"https:\/\/contier.com.br\/index.php?rest_route=\/wp\/v2\/pages\/107","targetHints":{"allow":["GET"]}}],"collection":[{"href":"https:\/\/contier.com.br\/index.php?rest_route=\/wp\/v2\/pages"}],"about":[{"href":"https:\/\/contier.com.br\/index.php?rest_route=\/wp\/v2\/types\/page"}],"author":[{"embeddable":true,"href":"https:\/\/contier.com.br\/index.php?rest_route=\/wp\/v2\/users\/1"}],"replies":[{"embeddable":true,"href":"https:\/\/contier.com.br\/index.php?rest_route=%2Fwp%2Fv2%2Fcomments&post=107"}],"version-history":[{"count":0,"href":"https:\/\/contier.com.br\/index.php?rest_route=\/wp\/v2\/pages\/107\/revisions"}],"wp:attachment":[{"href":"https:\/\/contier.com.br\/index.php?rest_route=%2Fwp%2Fv2%2Fmedia&parent=107"}],"curies":[{"name":"wp","href":"https:\/\/api.w.org\/{rel}","templated":true}]}}