{"id":126,"date":"2025-05-22T18:21:58","date_gmt":"2025-05-22T21:21:58","guid":{"rendered":"http:\/\/contier.com.br\/?page_id=126"},"modified":"2025-09-01T13:20:16","modified_gmt":"2025-09-01T16:20:16","slug":"equipe","status":"publish","type":"page","link":"https:\/\/contier.com.br\/?page_id=126","title":{"rendered":"Equipe"},"content":{"rendered":"\t\t<div data-elementor-type=\"wp-page\" data-elementor-id=\"126\" class=\"elementor elementor-126\">\n\t\t\t\t<div class=\"elementor-element elementor-element-1a18133 e-con-full e-flex e-con e-parent\" data-id=\"1a18133\" data-element_type=\"container\" data-settings=\"{&quot;background_background&quot;:&quot;classic&quot;}\">\n\t\t<div class=\"elementor-element elementor-element-f356dc5 e-flex e-con-boxed e-con e-child\" data-id=\"f356dc5\" data-element_type=\"container\" data-settings=\"{&quot;background_background&quot;:&quot;classic&quot;}\">\n\t\t\t\t\t<div class=\"e-con-inner\">\n\t\t<div class=\"elementor-element elementor-element-cab4b12 e-con-full e-flex e-con e-child\" data-id=\"cab4b12\" data-element_type=\"container\">\n\t\t\t\t<div class=\"elementor-element elementor-element-bb69eb0 elementor-widget__width-initial elementor-widget elementor-widget-image\" data-id=\"bb69eb0\" data-element_type=\"widget\" data-widget_type=\"image.default\">\n\t\t\t\t<div class=\"elementor-widget-container\">\n\t\t\t\t\t\t\t\t\t\t\t\t\t\t\t<img fetchpriority=\"high\" decoding=\"async\" width=\"768\" height=\"1024\" src=\"https:\/\/contier.com.br\/wp-content\/uploads\/2025\/05\/portrait-LAC-768x1024.jpg\" class=\"attachment-large size-large wp-image-66\" alt=\"\" srcset=\"https:\/\/contier.com.br\/wp-content\/uploads\/2025\/05\/portrait-LAC-768x1024.jpg 768w, https:\/\/contier.com.br\/wp-content\/uploads\/2025\/05\/portrait-LAC-225x300.jpg 225w, https:\/\/contier.com.br\/wp-content\/uploads\/2025\/05\/portrait-LAC-1152x1536.jpg 1152w, https:\/\/contier.com.br\/wp-content\/uploads\/2025\/05\/portrait-LAC.jpg 1478w\" sizes=\"(max-width: 768px) 100vw, 768px\" \/>\t\t\t\t\t\t\t\t\t\t\t\t\t\t\t<\/div>\n\t\t\t\t<\/div>\n\t\t\t\t<\/div>\n\t\t\t\t<div class=\"elementor-element elementor-element-24c8b8a elementor-widget__width-initial elementor-widget elementor-widget-text-editor\" data-id=\"24c8b8a\" data-element_type=\"widget\" data-widget_type=\"text-editor.default\">\n\t\t\t\t<div class=\"elementor-widget-container\">\n\t\t\t\t\t\t\t\t\t<p><strong>Luiz Augusto Contier &#8211; S\u00f3cio Titular &#8211;<\/strong>Graduado e p\u00f3s-graduado pela Faculdade de Arquitetura e Urbanismo pela Universidade de S\u00e3o Paulo. Dedicou-se por 30 anos ao magist\u00e9rio, por 24 anos \u00e0 dire\u00e7\u00e3o de cursos de arquitetura e por 14 anos como vice-presidente, conselheiro e presidente do conselho da AsBEA &#8211; Associa\u00e7\u00e3o Brasileira dos Escrit\u00f3rios de Arquitetura. Atualmente dedica-se h\u00e1 mais de 40 anos \u00e0 profiss\u00e3o de arquiteto e \u00e0 Contier Arquitetura. Foi conselheiro da gest\u00e3o fundadora do CAUSP e da 2\u00aa gest\u00e3o do CAUBR. Foi por muitos anos conselheiro do DECONCIC, Departamento da Ind\u00fastria da Constru\u00e7\u00e3o e Minera\u00e7\u00e3o da FIESP. Foi usu\u00e1rio pioneiro do Revit no Brasil, sendo autor de projetos de grande porte e alta complexidade. \u00c9 uma refer\u00eancia na \u00e1rea de BIM no Brasil.<\/p>\t\t\t\t\t\t\t\t<\/div>\n\t\t\t\t<\/div>\n\t\t\t\t\t<\/div>\n\t\t\t\t<\/div>\n\t\t<div class=\"elementor-element elementor-element-0b79b20 e-flex e-con-boxed e-con e-child\" data-id=\"0b79b20\" data-element_type=\"container\" data-settings=\"{&quot;background_background&quot;:&quot;classic&quot;}\">\n\t\t\t\t\t<div class=\"e-con-inner\">\n\t\t<div class=\"elementor-element elementor-element-311fda3 e-con-full e-flex e-con e-child\" data-id=\"311fda3\" data-element_type=\"container\">\n\t\t\t\t<div class=\"elementor-element elementor-element-c4c603f elementor-widget__width-initial elementor-widget elementor-widget-image\" data-id=\"c4c603f\" data-element_type=\"widget\" data-widget_type=\"image.default\">\n\t\t\t\t<div class=\"elementor-widget-container\">\n\t\t\t\t\t\t\t\t\t\t\t\t\t\t\t<img decoding=\"async\" width=\"768\" height=\"1024\" src=\"https:\/\/contier.com.br\/wp-content\/uploads\/2025\/05\/MDAC-768x1024.png\" class=\"attachment-large size-large wp-image-67\" alt=\"\" srcset=\"https:\/\/contier.com.br\/wp-content\/uploads\/2025\/05\/MDAC-768x1024.png 768w, https:\/\/contier.com.br\/wp-content\/uploads\/2025\/05\/MDAC-225x300.png 225w, https:\/\/contier.com.br\/wp-content\/uploads\/2025\/05\/MDAC-1152x1536.png 1152w, https:\/\/contier.com.br\/wp-content\/uploads\/2025\/05\/MDAC-1536x2048.png 1536w, https:\/\/contier.com.br\/wp-content\/uploads\/2025\/05\/MDAC.png 1757w\" sizes=\"(max-width: 768px) 100vw, 768px\" \/>\t\t\t\t\t\t\t\t\t\t\t\t\t\t\t<\/div>\n\t\t\t\t<\/div>\n\t\t\t\t<\/div>\n\t\t\t\t<div class=\"elementor-element elementor-element-fdf3ae1 elementor-widget__width-initial elementor-widget elementor-widget-text-editor\" data-id=\"fdf3ae1\" data-element_type=\"widget\" data-widget_type=\"text-editor.default\">\n\t\t\t\t<div class=\"elementor-widget-container\">\n\t\t\t\t\t\t\t\t\t<p><strong>Miriam Castanho &#8211;<\/strong>\u00a0<span style=\"font-weight: bolder;\">S\u00f3cio Titular &#8211;<\/span>\u00a0Graduada pela Faculdade de Arquitetura e Urbanismo pela Universidade de S\u00e3o Paulo. Atuou como professora na Universidade S\u00e3o Judas Tadeu por 20 anos, onde ministrou disciplinas de Projeto de Arquitetura e foi respons\u00e1vel em 2004 pela implanta\u00e7\u00e3o e formata\u00e7\u00e3o do ensino de BIM na disciplina de Inform\u00e1tica Aplicada \u00e0 Arquitetura e ao Urbanismo. De 1999 a 2002 foi integrante do Grupo de Trabalho de CAD da AsBEA e \u00e9 coautora do Manual de Intercambialidade de Projetos em CAD (AsBEA &#8211; 2002). Por 10 anos foi integrante do Grupo de Trabalho de BIM da AsBEA, tendo sido sua coordenadora por dois anos. Foi coordenadora do GT BIM do CAU\/SP. \u00c9 coautora dos Guias BIM AsBEA. Trabalha em BIM desde 2002, sendo autora de projetos de grande porte e alta complexidade, desen-volvidos inteiramente em BIM.<\/p>\t\t\t\t\t\t\t\t<\/div>\n\t\t\t\t<\/div>\n\t\t\t\t\t<\/div>\n\t\t\t\t<\/div>\n\t\t<div class=\"elementor-element elementor-element-ee28150 e-flex e-con-boxed e-con e-child\" data-id=\"ee28150\" data-element_type=\"container\" data-settings=\"{&quot;background_background&quot;:&quot;classic&quot;}\">\n\t\t\t\t\t<div class=\"e-con-inner\">\n\t\t<div class=\"elementor-element elementor-element-7085e41 e-con-full e-flex e-con e-child\" data-id=\"7085e41\" data-element_type=\"container\">\n\t\t\t\t<div class=\"elementor-element elementor-element-0a9b552 elementor-widget__width-initial elementor-widget elementor-widget-image\" data-id=\"0a9b552\" data-element_type=\"widget\" data-widget_type=\"image.default\">\n\t\t\t\t<div class=\"elementor-widget-container\">\n\t\t\t\t\t\t\t\t\t\t\t\t\t\t\t<img decoding=\"async\" width=\"728\" height=\"971\" src=\"https:\/\/contier.com.br\/wp-content\/uploads\/2025\/07\/Amanda-color.jpg\" class=\"attachment-large size-large wp-image-710\" alt=\"\" srcset=\"https:\/\/contier.com.br\/wp-content\/uploads\/2025\/07\/Amanda-color.jpg 728w, https:\/\/contier.com.br\/wp-content\/uploads\/2025\/07\/Amanda-color-225x300.jpg 225w\" sizes=\"(max-width: 728px) 100vw, 728px\" \/>\t\t\t\t\t\t\t\t\t\t\t\t\t\t\t<\/div>\n\t\t\t\t<\/div>\n\t\t\t\t<\/div>\n\t\t\t\t<div class=\"elementor-element elementor-element-2190a0b elementor-widget__width-initial elementor-widget elementor-widget-text-editor\" data-id=\"2190a0b\" data-element_type=\"widget\" data-widget_type=\"text-editor.default\">\n\t\t\t\t<div class=\"elementor-widget-container\">\n\t\t\t\t\t\t\t\t\t<p><strong>Amanda De Castro Spadotto&nbsp;&#8211; Arquiteto Associado<\/strong><span style=\"font-weight: bolder;\"><strong>&nbsp;&#8211;<\/strong>&nbsp;<\/span>Graduada pela Faculdade de Arquitetura e Urbanismo da Uni-versidade Presbiteriana Mackenzie e p\u00f3s gra-duada pela Escola Polit\u00e9cnica da Universidade de S\u00e3o Paulo, como Especialista em Edifi-ca\u00e7\u00f5es no PROMINP- Programa de Mobiliza\u00e7\u00e3o da Ind\u00fastria Nacional de Petr\u00f3leo e G\u00e1s Natural.<\/p>\n<p>Como Arquiteto Coordenador no escrit\u00f3rio, utiliza a plataforma de projeto em BIM desde 2011. Tem sido respons\u00e1vel pela coordena\u00e7\u00e3o e compatibiliza\u00e7\u00e3o de projetos de grande porte e alta complexidade<\/p>\t\t\t\t\t\t\t\t<\/div>\n\t\t\t\t<\/div>\n\t\t\t\t\t<\/div>\n\t\t\t\t<\/div>\n\t\t<div class=\"elementor-element elementor-element-71081fb e-flex e-con-boxed e-con e-child\" data-id=\"71081fb\" data-element_type=\"container\" data-settings=\"{&quot;background_background&quot;:&quot;classic&quot;}\">\n\t\t\t\t\t<div class=\"e-con-inner\">\n\t\t<div class=\"elementor-element elementor-element-b71f489 e-con-full e-flex e-con e-child\" data-id=\"b71f489\" data-element_type=\"container\">\n\t\t\t\t<div class=\"elementor-element elementor-element-08da9f9 elementor-widget__width-initial elementor-widget elementor-widget-image\" data-id=\"08da9f9\" data-element_type=\"widget\" data-widget_type=\"image.default\">\n\t\t\t\t<div class=\"elementor-widget-container\">\n\t\t\t\t\t\t\t\t\t\t\t\t\t\t\t<img loading=\"lazy\" decoding=\"async\" width=\"769\" height=\"1024\" src=\"https:\/\/contier.com.br\/wp-content\/uploads\/2025\/09\/cael-769x1024.jpg\" class=\"attachment-large size-large wp-image-715\" alt=\"\" srcset=\"https:\/\/contier.com.br\/wp-content\/uploads\/2025\/09\/cael-769x1024.jpg 769w, https:\/\/contier.com.br\/wp-content\/uploads\/2025\/09\/cael-225x300.jpg 225w, https:\/\/contier.com.br\/wp-content\/uploads\/2025\/09\/cael-768x1023.jpg 768w, https:\/\/contier.com.br\/wp-content\/uploads\/2025\/09\/cael.jpg 1032w\" sizes=\"(max-width: 769px) 100vw, 769px\" \/>\t\t\t\t\t\t\t\t\t\t\t\t\t\t\t<\/div>\n\t\t\t\t<\/div>\n\t\t\t\t<\/div>\n\t\t\t\t<div class=\"elementor-element elementor-element-ac94942 elementor-widget__width-initial elementor-widget elementor-widget-text-editor\" data-id=\"ac94942\" data-element_type=\"widget\" data-widget_type=\"text-editor.default\">\n\t\t\t\t<div class=\"elementor-widget-container\">\n\t\t\t\t\t\t\t\t\t<p><strong>Cael Rocha<\/strong>\u00a0\u2013 Graduado pela Faculdade de Arquitetura e Urbanismo do Centro Universit\u00e1rio Belas Artes de S\u00e3oPaulo. Atua no escrit\u00f3rio na plataforma BIM desde 2014, como arquiteto e atualmente, respons\u00e1vel pela coordena\u00e7\u00e3o de projetos.<\/p>\t\t\t\t\t\t\t\t<\/div>\n\t\t\t\t<\/div>\n\t\t\t\t\t<\/div>\n\t\t\t\t<\/div>\n\t\t\t\t<\/div>\n\t\t\t\t<\/div>\n\t\t","protected":false},"excerpt":{"rendered":"<p>Luiz Augusto Contier &#8211; S\u00f3cio Titular &#8211;Graduado e p\u00f3s-graduado pela Faculdade de Arquitetura e Urbanismo pela Universidade de S\u00e3o Paulo. Dedicou-se por 30 anos ao magist\u00e9rio, por 24 anos \u00e0 dire\u00e7\u00e3o de cursos de arquitetura e por 14 anos como vice-presidente, conselheiro e presidente do conselho da AsBEA &#8211; Associa\u00e7\u00e3o Brasileira dos Escrit\u00f3rios de Arquitetura. [&hellip;]<\/p>\n","protected":false},"author":1,"featured_media":0,"parent":0,"menu_order":0,"comment_status":"closed","ping_status":"closed","template":"elementor_header_footer","meta":{"footnotes":""},"class_list":["post-126","page","type-page","status-publish","hentry"],"_links":{"self":[{"href":"https:\/\/contier.com.br\/index.php?rest_route=\/wp\/v2\/pages\/126","targetHints":{"allow":["GET"]}}],"collection":[{"href":"https:\/\/contier.com.br\/index.php?rest_route=\/wp\/v2\/pages"}],"about":[{"href":"https:\/\/contier.com.br\/index.php?rest_route=\/wp\/v2\/types\/page"}],"author":[{"embeddable":true,"href":"https:\/\/contier.com.br\/index.php?rest_route=\/wp\/v2\/users\/1"}],"replies":[{"embeddable":true,"href":"https:\/\/contier.com.br\/index.php?rest_route=%2Fwp%2Fv2%2Fcomments&post=126"}],"version-history":[{"count":9,"href":"https:\/\/contier.com.br\/index.php?rest_route=\/wp\/v2\/pages\/126\/revisions"}],"predecessor-version":[{"id":718,"href":"https:\/\/contier.com.br\/index.php?rest_route=\/wp\/v2\/pages\/126\/revisions\/718"}],"wp:attachment":[{"href":"https:\/\/contier.com.br\/index.php?rest_route=%2Fwp%2Fv2%2Fmedia&parent=126"}],"curies":[{"name":"wp","href":"https:\/\/api.w.org\/{rel}","templated":true}]}}