{"id":465,"date":"2025-05-28T16:46:39","date_gmt":"2025-05-28T19:46:39","guid":{"rendered":"https:\/\/contier.com.br\/?page_id=465"},"modified":"2025-05-28T18:23:16","modified_gmt":"2025-05-28T21:23:16","slug":"b32-2","status":"publish","type":"page","link":"https:\/\/contier.com.br\/?page_id=465","title":{"rendered":"B32"},"content":{"rendered":"\t\t<div data-elementor-type=\"wp-page\" data-elementor-id=\"465\" class=\"elementor elementor-465\">\n\t\t\t\t<div class=\"elementor-element elementor-element-6d47b9b e-flex e-con-boxed e-con e-parent\" data-id=\"6d47b9b\" data-element_type=\"container\" data-settings=\"{&quot;background_background&quot;:&quot;classic&quot;}\">\n\t\t\t\t\t<div class=\"e-con-inner\">\n\t\t<div class=\"elementor-element elementor-element-6b1223e e-con-full e-flex e-con e-child\" data-id=\"6b1223e\" data-element_type=\"container\">\n\t\t\t\t<div class=\"elementor-element elementor-element-e633326 elementor-widget elementor-widget-image\" data-id=\"e633326\" data-element_type=\"widget\" data-widget_type=\"image.default\">\n\t\t\t\t<div class=\"elementor-widget-container\">\n\t\t\t\t\t\t\t\t\t\t\t\t\t\t\t<img fetchpriority=\"high\" decoding=\"async\" width=\"800\" height=\"553\" src=\"https:\/\/contier.com.br\/wp-content\/uploads\/2025\/05\/Imagem4-1.png\" class=\"attachment-large size-large wp-image-324\" alt=\"\" srcset=\"https:\/\/contier.com.br\/wp-content\/uploads\/2025\/05\/Imagem4-1.png 806w, https:\/\/contier.com.br\/wp-content\/uploads\/2025\/05\/Imagem4-1-300x207.png 300w, https:\/\/contier.com.br\/wp-content\/uploads\/2025\/05\/Imagem4-1-768x531.png 768w\" sizes=\"(max-width: 800px) 100vw, 800px\" \/>\t\t\t\t\t\t\t\t\t\t\t\t\t\t\t<\/div>\n\t\t\t\t<\/div>\n\t\t\t\t<div class=\"elementor-element elementor-element-840d100 elementor-widget elementor-widget-image\" data-id=\"840d100\" data-element_type=\"widget\" data-widget_type=\"image.default\">\n\t\t\t\t<div class=\"elementor-widget-container\">\n\t\t\t\t\t\t\t\t\t\t\t\t\t\t\t<img decoding=\"async\" width=\"800\" height=\"489\" src=\"https:\/\/contier.com.br\/wp-content\/uploads\/2025\/05\/b32-1-1024x626.jpg\" class=\"attachment-large size-large wp-image-321\" alt=\"\" srcset=\"https:\/\/contier.com.br\/wp-content\/uploads\/2025\/05\/b32-1-1024x626.jpg 1024w, https:\/\/contier.com.br\/wp-content\/uploads\/2025\/05\/b32-1-300x183.jpg 300w, https:\/\/contier.com.br\/wp-content\/uploads\/2025\/05\/b32-1-768x469.jpg 768w, https:\/\/contier.com.br\/wp-content\/uploads\/2025\/05\/b32-1.jpg 1404w\" sizes=\"(max-width: 800px) 100vw, 800px\" \/>\t\t\t\t\t\t\t\t\t\t\t\t\t\t\t<\/div>\n\t\t\t\t<\/div>\n\t\t\t\t<div class=\"elementor-element elementor-element-ec55391 elementor-widget elementor-widget-image\" data-id=\"ec55391\" data-element_type=\"widget\" data-widget_type=\"image.default\">\n\t\t\t\t<div class=\"elementor-widget-container\">\n\t\t\t\t\t\t\t\t\t\t\t\t\t\t\t<img decoding=\"async\" width=\"800\" height=\"449\" src=\"https:\/\/contier.com.br\/wp-content\/uploads\/2025\/05\/entranhas-1024x575.png\" class=\"attachment-large size-large wp-image-323\" alt=\"\" srcset=\"https:\/\/contier.com.br\/wp-content\/uploads\/2025\/05\/entranhas-1024x575.png 1024w, https:\/\/contier.com.br\/wp-content\/uploads\/2025\/05\/entranhas-300x168.png 300w, https:\/\/contier.com.br\/wp-content\/uploads\/2025\/05\/entranhas-768x431.png 768w, https:\/\/contier.com.br\/wp-content\/uploads\/2025\/05\/entranhas.png 1453w\" sizes=\"(max-width: 800px) 100vw, 800px\" \/>\t\t\t\t\t\t\t\t\t\t\t\t\t\t\t<\/div>\n\t\t\t\t<\/div>\n\t\t\t\t<div class=\"elementor-element elementor-element-8dcfe8e elementor-widget elementor-widget-image\" data-id=\"8dcfe8e\" data-element_type=\"widget\" data-widget_type=\"image.default\">\n\t\t\t\t<div class=\"elementor-widget-container\">\n\t\t\t\t\t\t\t\t\t\t\t\t\t\t\t<img loading=\"lazy\" decoding=\"async\" width=\"499\" height=\"563\" src=\"https:\/\/contier.com.br\/wp-content\/uploads\/2025\/05\/b32.png\" class=\"attachment-large size-large wp-image-319\" alt=\"\" srcset=\"https:\/\/contier.com.br\/wp-content\/uploads\/2025\/05\/b32.png 499w, https:\/\/contier.com.br\/wp-content\/uploads\/2025\/05\/b32-266x300.png 266w\" sizes=\"(max-width: 499px) 100vw, 499px\" \/>\t\t\t\t\t\t\t\t\t\t\t\t\t\t\t<\/div>\n\t\t\t\t<\/div>\n\t\t\t\t<div class=\"elementor-element elementor-element-5305bbc elementor-widget elementor-widget-image\" data-id=\"5305bbc\" data-element_type=\"widget\" data-widget_type=\"image.default\">\n\t\t\t\t<div class=\"elementor-widget-container\">\n\t\t\t\t\t\t\t\t\t\t\t\t\t\t\t<img loading=\"lazy\" decoding=\"async\" width=\"800\" height=\"390\" src=\"https:\/\/contier.com.br\/wp-content\/uploads\/2025\/05\/controle.png\" class=\"attachment-large size-large wp-image-322\" alt=\"\" srcset=\"https:\/\/contier.com.br\/wp-content\/uploads\/2025\/05\/controle.png 931w, https:\/\/contier.com.br\/wp-content\/uploads\/2025\/05\/controle-300x146.png 300w, https:\/\/contier.com.br\/wp-content\/uploads\/2025\/05\/controle-768x375.png 768w\" sizes=\"(max-width: 800px) 100vw, 800px\" \/>\t\t\t\t\t\t\t\t\t\t\t\t\t\t\t<\/div>\n\t\t\t\t<\/div>\n\t\t\t\t<\/div>\n\t\t<div class=\"elementor-element elementor-element-9b47773 e-con-full e-flex e-con e-child\" data-id=\"9b47773\" data-element_type=\"container\">\n\t\t\t\t<div class=\"elementor-element elementor-element-293ae52 elementor-widget__width-initial elementor-widget elementor-widget-text-editor\" data-id=\"293ae52\" data-element_type=\"widget\" data-widget_type=\"text-editor.default\">\n\t\t\t\t<div class=\"elementor-widget-container\">\n\t\t\t\t\t\t\t\t\t<p>O projeto executivo do B32 onde <strong>Contier Arquitetura<\/strong> desenvolveu arquitetura, teve como parceiros <strong>JKeMF<\/strong> Engenheiros Civis desenvolvendo Estrutura, <strong>SKK<\/strong> desenvolvendo instala\u00e7\u00f5es e <strong>Teknika<\/strong> desenvolvendo projeto de ar-condicionado.<br \/>Com \u00e1rea superior a 100.000 m\u00b2, o projeto especifica instala\u00e7\u00f5es sob o piso e sobre o forro. Com isso, al\u00e9m das plantas convencionais de alvenaria, piso e forro refletido, acrescentamos mais duas: entre piso e entre forro para cada pavimento.<\/p><p>A obra do empreendimento \u00e9 ganhadora do pr\u00eamio Master Imobili\u00e1rio em 2020.<\/p>\t\t\t\t\t\t\t\t<\/div>\n\t\t\t\t<\/div>\n\t\t\t\t<div class=\"elementor-element elementor-element-4209c44 elementor-widget elementor-widget-text-editor\" data-id=\"4209c44\" data-element_type=\"widget\" data-widget_type=\"text-editor.default\">\n\t\t\t\t<div class=\"elementor-widget-container\">\n\t\t\t\t\t\t\t\t\t<p>Depois de inaugurado o edif\u00edcio tem todos os ambientes e sistemas monitorados e controlados atrav\u00e9s de sensores e atuadores acionados pelos modelos digitais na sala de controle, atendendo dessa forma, ao interesse inicial do empreendedor ao contratar o projeto em BIM.<\/p><p>Um exemplo pioneiro \u201cDigital Twins\u201d, G\u00eameos Digitais no Brasil.<\/p>\t\t\t\t\t\t\t\t<\/div>\n\t\t\t\t<\/div>\n\t\t\t\t<\/div>\n\t\t\t\t\t<\/div>\n\t\t\t\t<\/div>\n\t\t<div class=\"elementor-element elementor-element-3553925 e-flex e-con-boxed e-con e-parent\" data-id=\"3553925\" data-element_type=\"container\">\n\t\t\t\t\t<div class=\"e-con-inner\">\n\t\t\t\t\t<\/div>\n\t\t\t\t<\/div>\n\t\t\t\t<\/div>\n\t\t","protected":false},"excerpt":{"rendered":"<p>O projeto executivo do B32 onde Contier Arquitetura desenvolveu arquitetura, teve como parceiros JKeMF Engenheiros Civis desenvolvendo Estrutura, SKK desenvolvendo instala\u00e7\u00f5es e Teknika desenvolvendo projeto de ar-condicionado.Com \u00e1rea superior a 100.000 m\u00b2, o projeto especifica instala\u00e7\u00f5es sob o piso e sobre o forro. Com isso, al\u00e9m das plantas convencionais de alvenaria, piso e forro refletido, [&hellip;]<\/p>\n","protected":false},"author":1,"featured_media":0,"parent":0,"menu_order":0,"comment_status":"closed","ping_status":"closed","template":"","meta":{"footnotes":""},"class_list":["post-465","page","type-page","status-publish","hentry"],"_links":{"self":[{"href":"https:\/\/contier.com.br\/index.php?rest_route=\/wp\/v2\/pages\/465","targetHints":{"allow":["GET"]}}],"collection":[{"href":"https:\/\/contier.com.br\/index.php?rest_route=\/wp\/v2\/pages"}],"about":[{"href":"https:\/\/contier.com.br\/index.php?rest_route=\/wp\/v2\/types\/page"}],"author":[{"embeddable":true,"href":"https:\/\/contier.com.br\/index.php?rest_route=\/wp\/v2\/users\/1"}],"replies":[{"embeddable":true,"href":"https:\/\/contier.com.br\/index.php?rest_route=%2Fwp%2Fv2%2Fcomments&post=465"}],"version-history":[{"count":0,"href":"https:\/\/contier.com.br\/index.php?rest_route=\/wp\/v2\/pages\/465\/revisions"}],"wp:attachment":[{"href":"https:\/\/contier.com.br\/index.php?rest_route=%2Fwp%2Fv2%2Fmedia&parent=465"}],"curies":[{"name":"wp","href":"https:\/\/api.w.org\/{rel}","templated":true}]}}